sands digit of 2266?
2
What is the tens digit of 20903?
0
What is the units digit of 923?
3
What is the thousands digit of 55062?
5
What is the hundreds digit of 37161?
1
What is the hundreds digit of 602?
6
What is the hundreds digit of 713?
7
What is the units digit of 1962?
2
What is the thousands digit of 49211?
9
What is the units digit of 1942?
2
What is the ten thousands digit of 20822?
2
What is the tens digit of 880?
8
What is the units digit of 42?
2
What is the thousands digit of 3195?
3
What is the thousands digit of 101593?
1
What is the units digit of 466?
6
What is the units digit of 453?
3
What is the hundreds digit of 5754?
7
What is the tens digit of 1592?
9
What is the hundreds digit of 136627?
6
What is the units digit of 1474?
4
What is the hundreds digit of 62006?
0
What is the units digit of 1433?
3
What is the hundreds digit of 606?
6
What is the tens digit of 3131?
3
What is the ten thousands digit of 76780?
7
What is the tens digit of 29577?
7
What is the tens digit of 43681?
8
What is the units digit of 47?
7
What is the hundreds digit of 4117?
1
What is the hundreds digit of 53144?
1
What is the ten thousands digit of 118546?
1
What is the hundreds digit of 7786?
7
What is the hundred thousands digit of 156991?
1
What is the thousands digit of 10167?
0
What is the units digit of 1122?
2
What is the hundreds digit of 17007?
0
What is the units digit of 1639?
9
What is the hundreds digit of 826?
8
What is the thousands digit of 33827?
3
What is the thousands digit of 3150?
3
What is the thousands digit of 40817?
0
What is the units digit of 14372?
2
What is the hundreds digit of 81137?
1
What is the hundreds digit of 1328?
3
What is the ten thousands digit of 11923?
1
What is the units digit of 109588?
8
What is the tens digit of 18953?
5
What is the units digit of 1686?
6
What is the ten thousands digit of 10411?
1
What is the tens digit of 1604?
0
What is the ten thousands digit of 11784?
1
What is the ten thousands digit of 34094?
3
What is the thousands digit of 1659?
1
What is the tens digit of 472?
7
What is the tens digit of 12700?
0
What is the units digit of 2400?
0
What is the units digit of 262?
2
What is the tens digit of 2719?
1
What is the tens digit of 587?
8
What is the tens digit of 27464?
6
What is the thousands digit of 31723?
1
What is the thousands digit of 18272?
8
What is the tens digit of 31607?
0
What is the thousands digit of 1465?
1
What is the hundreds digit of 7248?
2
What is the thousands digit of 9662?
9
What is the units digit of 432?
2
What is the tens digit of 2723?
2
What is the hundreds digit of 2559?
5
What is the tens digit of 11172?
7
What is the units digit of 2518?
8
What is the thousands digit of 23214?
3
What is the thousands digit of 1085?
1
What is the units digit of 923?
3
What is the thousands digit of 3089?
3
What is the hundreds digit of 38421?
4
What is the hundreds digit of 520?
5
What is the tens digit of 17?
1
What is the units digit of 1134?
4
What is the thousands digit of 1372?
1
What is the tens digit of 1008?
0
What is the units digit of 278?
8
What is the hundreds digit of 514?
5
What is the units digit of 88?
8
What is the thousands digit of 27821?
7
What is the units digit of 174?
4
What is the thousands digit of 4807?
4
What is the thousands digit of 27682?
7
What is the hundreds digit of 5404?
4
What is the hundreds digit of 45396?
3
What is the tens digit of 79?
7
What is the units digit of 10840?
0
What is the units digit of 48652?
2
What is the thousands digit of 5125?
5
What is the hundreds digit of 4495?
4
What is the tens digit of 11563?
6
What is the hundreds digit of 419?
4
What is the tens digit of 1636?
3
What is the tens digit of 879?
7
What is the hundreds digit of 551?
5
What is the thousands digit of 3619?
3
What is the thousands digit of 4590?
4
What is the units digit of 1076?
6
What is the hundreds digit of 36045?
0
What is the tens digit of 114536?
3
What is the thousands digit of 17340?
7
What is the hundreds digit of 2824?
8
What is the tens digit of 64072?
7
What is the units digit of 20976?
6
What is the thousands digit of 84559?
4
What is the thousands digit of 3132?
3
What is the tens digit of 5312?
1
What is the tens digit of 1656?
5
What is the hundreds digit of 738?
7
What is the tens digit of 596?
9
What is the tens digit of 22340?
4
What is the units digit of 741?
1
What is the units digit of 405?
5
What is the hundreds digit of 728?
7
What is the hundreds digit of 1241?
2
What is the tens digit of 9282?
8
What is the thousands digit of 8546?
8
What is the tens digit of 263?
6
What is the units digit of 11004?
4
What is the hundreds digit of 956?
9
What is the hundreds digit of 489?
4
What is the units digit of 1052?
2
What is the tens digit of 1388?
8
What is the units digit of 60506?
6
What is the thousands digit of 2155?
2
What is the units digit of 1826?
6
What is the thousands digit of 9909?
9
What is the tens digit of 98?
9
What is the tens digit of 3361?
6
What is the hundreds digit of 358?
3
What is the units digit of 357?
7
What is the ten thousands digit of 13427?
1
What is the tens digit of 2742?
4
What is the thousands digit of 5057?
5
What is the units digit of 178?
8
What is the tens digit of 3485?
8
What is the hundreds digit of 16141?
1
What is the hundreds digit of 7034?
0
What is the tens digit of 19127?
2
What is the thousands digit of 30776?
0
What is the hundreds digit of 62493?
4
What is the hundreds digit of 5413?
4
What is the tens digit of 1680?
8
What is the tens digit of 1957?
5
What is the hundred thousands digit of 111650?
1
What is the tens digit of 68718?
1
What is the hundreds digit of 4426?
4
What is the thousands digit of 1330?
1
What is the units digit of 1843?
3
What is the hundreds digit of 1066?
0
What is the hundreds digit of 3124?
1
What is the thousands digit of 28522?
8
What is the units digit of 3371?
1
What is the tens digit of 673?
7
What is the ten thousands digit of 33439?
3
What is the hundreds digit of 16465?
4
What is the units digit of 63932?
2
What is the tens digit of 6979?
7
What is the ten thousands digit of 15550?
1
What is the tens digit of 281?
8
What is the units digit of 1334?
4
What is the tens digit of 7348?
4
What is the thousands digit of 11579?
1
What is the units digit of 119726?
6
What is the hundreds digit of 9981?
9
What is the thousands digit of 5815?
5
What is the thousands digit of 7097?
7
What is the ten thousands digit of 99550?
9
What is the hundreds digit of 924?
9
What is the thousands digit of 34629?
4
What is the hundreds digit of 6710?
7
What is the hundreds digit of 13718?
7
What is the hundreds digit of 53683?
6
What is the tens digit of 6295?
9
What is the hundreds digit of 2246?
2
What is the thousands digit of 1799?
1
What is the hundreds digit of 12903?
9
What is the tens digit of 615?
1
What is the tens digit of 32423?
2
What is the hundreds digit of 59673?
6
What is the hundreds digit of 688?
6
What is the hundreds digit of 57475?
4
What is the tens digit of 19967?
6
What is the thousands digit of 49656?
9
What is the hundreds digit of 185?
1
What is the thousands digit of 4688?
4
What is the ten thousands digit of 73023?
7
What is the tens digit of 3958?
5
What is the hundreds digit of 909?
9
What is the units digit of 324?
4
What is the ten thousands digit of 17726?
1
What is the hundreds digit of 37974?
9
What is the units digit of 1061?
1
What is the tens digit of 19069?
6
What is the units digit of 9390?
0
What is the ten thousands digit of 10057?
1
What is the tens digit of 92423?
2
What is the tens digit of 51994?
9
What is the tens digit of 136879?
7
What is the tens digit of 812?
1
What is the ten thousands digit of 16411?
1
What is the hundreds digit of 1581?
5
What is the units digit of 5426?
6
What is the thousands digit of 4465?
4
What is the hundreds digit of 211?
2
What is the tens digit of 178950?
5
What is the units digit of 1167?
7
What is the ten thousands digit of 74091?
7
What is the tens digit of 1818?
1
What is the tens digit of 16649?
4
What is the ten thousands digit of 54587?
5
What is the tens digit of 98572?
7
What is the thousands digit of 2166?
2
What is the units digit of 7268?
8
What is the hundreds digit